{"id":955,"date":"2024-05-13T15:35:46","date_gmt":"2024-05-13T13:35:46","guid":{"rendered":"https:\/\/kopiemaus.de\/htm\/?page_id=955"},"modified":"2025-08-07T12:44:17","modified_gmt":"2025-08-07T10:44:17","slug":"955-2","status":"publish","type":"page","link":"https:\/\/kopiemaus.de\/htm\/955-2\/","title":{"rendered":"Gesch\u00e4ft"},"content":{"rendered":"<p>[et_pb_section fb_built=&#8220;1&#8243; admin_label=&#8220;Hero section desktop&#8220; _builder_version=&#8220;4.25.1&#8243; background_color=&#8220;RGBA(255,255,255,0)&#8220; use_background_color_gradient=&#8220;on&#8220; background_color_gradient_stops=&#8220;rgba(150,105,97,0.67) 28%|rgba(255,255,255,0.64) 75%|rgba(255,255,255,0.3) 100%&#8220; background_color_gradient_overlays_image=&#8220;on&#8220; background_color_gradient_start=&#8220;rgba(150,105,97,0.67)&#8220; background_color_gradient_end=&#8220;rgba(2,0,76,0.84)&#8220; background_image=&#8220;https:\/\/kopiemaus.de\/htm\/wp-content\/uploads\/2024\/05\/bild-Firma2-1.jpg&#8220; custom_margin=&#8220;|||&#8220; custom_padding=&#8220;2.4%||0%|||&#8220; hover_enabled=&#8220;0&#8243; background_last_edited=&#8220;off|desktop&#8220; locked=&#8220;on&#8220; global_colors_info=&#8220;{}&#8220; collapsed=&#8220;on&#8220; sticky_enabled=&#8220;0&#8243; disabled_on=&#8220;on|on|off&#8220;][et_pb_row column_structure=&#8220;1_2,1_2&#8243; _builder_version=&#8220;4.25.1&#8243; custom_margin=&#8220;|||&#8220; custom_padding=&#8220;|||0px||&#8220; global_colors_info=&#8220;{}&#8220;][et_pb_column type=&#8220;1_2&#8243; _builder_version=&#8220;4.25.1&#8243; _module_preset=&#8220;default&#8220; global_colors_info=&#8220;{}&#8220;][et_pb_text _builder_version=&#8220;4.25.1&#8243; _module_preset=&#8220;default&#8220; text_font=&#8220;Hobo bt|600||on|||||&#8220; text_text_color=&#8220;#E02B20&#8243; text_font_size=&#8220;51px&#8220; text_letter_spacing=&#8220;6px&#8220; positioning=&#8220;relative&#8220; vertical_offset=&#8220;18px&#8220; horizontal_offset=&#8220;-24px&#8220; custom_margin=&#8220;|-496px||||&#8220; text_text_shadow_style=&#8220;preset3&#8243; text_text_shadow_color=&#8220;#000000&#8243; global_colors_info=&#8220;{}&#8220;]<\/p>\n<p>Knorr &amp; Partner<\/p>\n<p>&nbsp;<\/p>\n<p>[\/et_pb_text][et_pb_text _builder_version=&#8220;4.25.1&#8243; _module_preset=&#8220;default&#8220; text_font=&#8220;Arial||||||||&#8220; text_font_size=&#8220;85px&#8220; positioning=&#8220;relative&#8220; vertical_offset=&#8220;-63px&#8220; horizontal_offset=&#8220;39px&#8220; text_text_shadow_style=&#8220;preset3&#8243; global_colors_info=&#8220;{}&#8220;]<\/p>\n<h1><span style=\"color: #ff0000;\">B\u00fcro- und Kopiersysteme GmbH<\/span><\/h1>\n<p>[\/et_pb_text][et_pb_image src=&#8220;https:\/\/kopiemaus.de\/htm\/wp-content\/uploads\/2024\/05\/Maus_Knopa-Photoroom.png-Photoroom.png&#8220; title_text=&#8220;Maus_Knopa-Photoroom.png-Photoroom&#8220; _builder_version=&#8220;4.25.1&#8243; _module_preset=&#8220;default&#8220; positioning=&#8220;relative&#8220; vertical_offset=&#8220;-65px&#8220; horizontal_offset=&#8220;65px&#8220; width=&#8220;72%&#8220; max_width=&#8220;99%&#8220; min_height=&#8220;239px&#8220; height=&#8220;255px&#8220; max_height=&#8220;1000px&#8220; global_colors_info=&#8220;{}&#8220;][\/et_pb_image][\/et_pb_column][et_pb_column type=&#8220;1_2&#8243; _builder_version=&#8220;4.16&#8243; custom_padding=&#8220;1px|||&#8220; global_colors_info=&#8220;{}&#8220; custom_padding__hover=&#8220;|||&#8220;][et_pb_text _builder_version=&#8220;4.25.1&#8243; text_font=&#8220;Lato||||||||&#8220; text_text_color=&#8220;rgba(255,255,255,0.7)&#8220; text_font_size=&#8220;15px&#8220; text_line_height=&#8220;2em&#8220; link_font=&#8220;||||||||&#8220; link_text_color=&#8220;#ffffff&#8220; header_font=&#8220;||||||||&#8220; header_2_font=&#8220;Lato||||||||&#8220; header_3_font=&#8220;Lato|700|||||||&#8220; header_3_font_size=&#8220;23px&#8220; header_3_line_height=&#8220;1.5em&#8220; background_color=&#8220;rgba(36,36,76,0.62)&#8220; positioning=&#8220;relative&#8220; vertical_offset=&#8220;-41px&#8220; horizontal_offset=&#8220;89px&#8220; background_layout=&#8220;dark&#8220; custom_margin=&#8220;34%||-20px|&#8220; custom_margin_tablet=&#8220;40px|||&#8220; custom_margin_phone=&#8220;&#8220; custom_margin_last_edited=&#8220;on|tablet&#8220; custom_padding=&#8220;30px|30px|40px|30px&#8220; custom_padding_tablet=&#8220;&#8220; custom_padding_phone=&#8220;&#8220; custom_padding_last_edited=&#8220;on|tablet&#8220; animation_style=&#8220;fold&#8220; animation_delay=&#8220;100ms&#8220; border_radii=&#8220;on|6px|6px|6px|6px&#8220; border_color_all=&#8220;#fa7f28&#8243; border_width_top=&#8220;6px&#8220; border_color_top=&#8220;#FC9569&#8243; locked=&#8220;off&#8220; global_colors_info=&#8220;{}&#8220;]<\/p>\n<h3>Shop!<\/h3>\n<p><strong>Hey, wollen Sie clever sein? Dann kaufen sie bei <span class=\"hiddenSpellError\" onkeypress=\"GERMAN_SPELLER_RULE---#---undefined---#---Rechtschreibfehler---#---M\u00f6glicher Tippfehler gefunden.---#---Dann kaufen sie bei Kopiemaus ein!---#------#---Kopiemaus\">Kopiemaus<\/span> ein!<\/strong><\/p>\n<p>[\/et_pb_text][et_pb_button button_url=&#8220;https:\/\/knorr.portalkit.de\/storefront\/home.html&#8220; button_text=&#8220;SHOP&#8220; button_alignment=&#8220;left&#8220; _builder_version=&#8220;4.25.1&#8243; custom_button=&#8220;on&#8220; button_text_size=&#8220;12px&#8220; button_text_color=&#8220;#3c39e6&#8243; button_bg_color=&#8220;#ffffff&#8220; button_border_width=&#8220;0px&#8220; button_border_radius=&#8220;3px&#8220; button_letter_spacing=&#8220;1px&#8220; button_font=&#8220;Lato|700||on|||||&#8220; button_icon=&#8220;&#x35;||divi||400&#8243; positioning=&#8220;relative&#8220; vertical_offset=&#8220;-41px&#8220; horizontal_offset=&#8220;86px&#8220; background_layout=&#8220;dark&#8220; custom_margin=&#8220;|||30px&#8220; custom_padding=&#8220;8px||8px|&#8220; animation_style=&#8220;fold&#8220; animation_delay=&#8220;100ms&#8220; button_letter_spacing_hover=&#8220;1px&#8220; locked=&#8220;off&#8220; global_colors_info=&#8220;{}&#8220; button_text_size__hover_enabled=&#8220;off&#8220; button_one_text_size__hover_enabled=&#8220;off&#8220; button_two_text_size__hover_enabled=&#8220;off&#8220; button_text_color__hover_enabled=&#8220;off&#8220; button_one_text_color__hover_enabled=&#8220;off&#8220; button_two_text_color__hover_enabled=&#8220;off&#8220; button_border_width__hover_enabled=&#8220;off&#8220; button_one_border_width__hover_enabled=&#8220;off&#8220; button_two_border_width__hover_enabled=&#8220;off&#8220; button_border_color__hover_enabled=&#8220;off&#8220; button_one_border_color__hover_enabled=&#8220;off&#8220; button_two_border_color__hover_enabled=&#8220;off&#8220; button_border_radius__hover_enabled=&#8220;off&#8220; button_one_border_radius__hover_enabled=&#8220;off&#8220; button_two_border_radius__hover_enabled=&#8220;off&#8220; button_letter_spacing__hover_enabled=&#8220;on&#8220; button_letter_spacing__hover=&#8220;1px&#8220; button_one_letter_spacing__hover_enabled=&#8220;off&#8220; button_two_letter_spacing__hover_enabled=&#8220;off&#8220; button_bg_color__hover_enabled=&#8220;off&#8220; button_one_bg_color__hover_enabled=&#8220;off&#8220; button_two_bg_color__hover_enabled=&#8220;off&#8220;][\/et_pb_button][\/et_pb_column][\/et_pb_row][\/et_pb_section][et_pb_section fb_built=&#8220;1&#8243; disabled_on=&#8220;off|on|on&#8220; admin_label=&#8220;Hero section handy&#8220; _builder_version=&#8220;4.25.1&#8243; background_color=&#8220;RGBA(255,255,255,0)&#8220; use_background_color_gradient=&#8220;on&#8220; background_color_gradient_stops=&#8220;rgba(150,105,97,0.67) 28%|rgba(255,255,255,0.64) 75%|rgba(255,255,255,0.3) 100%&#8220; background_color_gradient_overlays_image=&#8220;on&#8220; background_color_gradient_start=&#8220;rgba(150,105,97,0.67)&#8220; background_color_gradient_end=&#8220;rgba(2,0,76,0.84)&#8220; background_image=&#8220;https:\/\/kopiemaus.de\/htm\/wp-content\/uploads\/2025\/07\/KnorrPartner-Front-2.jpg&#8220; width=&#8220;100%&#8220; max_width=&#8220;100%&#8220; min_height=&#8220;422px&#8220; height=&#8220;422px&#8220; max_height=&#8220;422px&#8220; custom_margin=&#8220;|||&#8220; custom_padding=&#8220;2.4%||0%|||&#8220; background_last_edited=&#8220;off|desktop&#8220; locked=&#8220;off&#8220; collapsed=&#8220;on&#8220; global_colors_info=&#8220;{}&#8220;][et_pb_row column_structure=&#8220;1_2,1_2&#8243; _builder_version=&#8220;4.25.1&#8243; custom_margin=&#8220;|||&#8220; custom_padding=&#8220;|||0px||&#8220; global_colors_info=&#8220;{}&#8220;][et_pb_column type=&#8220;1_2&#8243; _builder_version=&#8220;4.25.1&#8243; _module_preset=&#8220;default&#8220; global_colors_info=&#8220;{}&#8220;][et_pb_text _builder_version=&#8220;4.25.1&#8243; _module_preset=&#8220;default&#8220; text_font=&#8220;Hobo bt|600||on|||||&#8220; text_text_color=&#8220;#E02B20&#8243; text_font_size=&#8220;24px&#8220; text_letter_spacing=&#8220;6px&#8220; positioning=&#8220;relative&#8220; vertical_offset=&#8220;74px&#8220; horizontal_offset=&#8220;-24px&#8220; custom_margin=&#8220;|-496px||||&#8220; text_text_shadow_style=&#8220;preset3&#8243; text_text_shadow_color=&#8220;#000000&#8243; global_colors_info=&#8220;{}&#8220;]<\/p>\n<p>Knorr &amp; Partner<\/p>\n<p>&nbsp;<\/p>\n<p>[\/et_pb_text][et_pb_text _builder_version=&#8220;4.25.1&#8243; _module_preset=&#8220;default&#8220; text_font=&#8220;Arial||||||||&#8220; text_font_size=&#8220;85px&#8220; header_font_size=&#8220;19px&#8220; positioning=&#8220;relative&#8220; vertical_offset=&#8220;5px&#8220; horizontal_offset=&#8220;-7px&#8220; text_text_shadow_style=&#8220;preset3&#8243; global_colors_info=&#8220;{}&#8220;]<\/p>\n<h1><span style=\"color: #ff0000;\">B\u00fcro- und Kopiersysteme GmbH<\/span><\/h1>\n<p>[\/et_pb_text][et_pb_image src=&#8220;https:\/\/kopiemaus.de\/htm\/wp-content\/uploads\/2024\/05\/Maus_Knopa-Photoroom.png-Photoroom.png&#8220; title_text=&#8220;Maus_Knopa-Photoroom.png-Photoroom&#8220; _builder_version=&#8220;4.25.1&#8243; _module_preset=&#8220;default&#8220; positioning=&#8220;relative&#8220; vertical_offset=&#8220;-15px&#8220; horizontal_offset=&#8220;-51px&#8220; width=&#8220;61%&#8220; max_width=&#8220;100%&#8220; min_height=&#8220;100px&#8220; height=&#8220;100px&#8220; max_height=&#8220;100px&#8220; global_colors_info=&#8220;{}&#8220;][\/et_pb_image][\/et_pb_column][et_pb_column type=&#8220;1_2&#8243; _builder_version=&#8220;4.16&#8243; custom_padding=&#8220;1px|||&#8220; global_colors_info=&#8220;{}&#8220; custom_padding__hover=&#8220;|||&#8220;][et_pb_text _builder_version=&#8220;4.25.1&#8243; text_font=&#8220;Lato||||||||&#8220; text_text_color=&#8220;rgba(255,255,255,0.7)&#8220; text_font_size=&#8220;12px&#8220; text_line_height=&#8220;1em&#8220; link_font=&#8220;||||||||&#8220; link_text_color=&#8220;#ffffff&#8220; header_font=&#8220;||||||||&#8220; header_2_font=&#8220;Lato||||||||&#8220; header_3_font=&#8220;Lato|700|||||||&#8220; header_3_font_size=&#8220;19px&#8220; header_3_letter_spacing=&#8220;4px&#8220; background_color=&#8220;rgba(36,36,76,0.62)&#8220; positioning=&#8220;relative&#8220; vertical_offset=&#8220;-183px&#8220; horizontal_offset=&#8220;118px&#8220; background_layout=&#8220;dark&#8220; width=&#8220;100%&#8220; max_width=&#8220;72%&#8220; min_height=&#8220;100px&#8220; height=&#8220;100px&#8220; max_height=&#8220;117px&#8220; custom_margin=&#8220;34%||-20px|&#8220; custom_margin_tablet=&#8220;40px|||&#8220; custom_margin_phone=&#8220;36px||||false|false&#8220; custom_margin_last_edited=&#8220;on|tablet&#8220; custom_padding=&#8220;30px|30px|40px|30px&#8220; custom_padding_tablet=&#8220;&#8220; custom_padding_phone=&#8220;11px||40px|32px|false|false&#8220; custom_padding_last_edited=&#8220;on|tablet&#8220; animation_style=&#8220;fold&#8220; animation_delay=&#8220;100ms&#8220; border_radii=&#8220;on|6px|6px|6px|6px&#8220; border_color_all=&#8220;#fa7f28&#8243; border_width_top=&#8220;6px&#8220; border_color_top=&#8220;#FC9569&#8243; locked=&#8220;off&#8220; global_colors_info=&#8220;{}&#8220;]<\/p>\n<h3>Shop!<\/h3>\n<p><strong>Hey, wollen Sie clever sein? Dann kaufen sie bei <span class=\"hiddenSpellError\" onkeypress=\"GERMAN_SPELLER_RULE---#---undefined---#---Rechtschreibfehler---#---M\u00f6glicher Tippfehler gefunden.---#---Dann kaufen sie bei Kopiemaus ein!---#------#---Kopiemaus\">Kopiemaus<\/span> ein!<\/strong><\/p>\n<p>[\/et_pb_text][et_pb_button button_url=&#8220;https:\/\/knorr.portalkit.de\/storefront\/home.html&#8220; button_text=&#8220;SHOP&#8220; button_alignment=&#8220;left&#8220; _builder_version=&#8220;4.25.1&#8243; custom_button=&#8220;on&#8220; button_text_size=&#8220;8px&#8220; button_text_color=&#8220;#3c39e6&#8243; button_bg_color=&#8220;#ffffff&#8220; button_border_width=&#8220;0px&#8220; button_border_radius=&#8220;3px&#8220; button_letter_spacing=&#8220;1px&#8220; button_font=&#8220;Lato|700||on|||||&#8220; button_icon=&#8220;&#x35;||divi||400&#8243; positioning=&#8220;relative&#8220; vertical_offset=&#8220;-174px&#8220; horizontal_offset=&#8220;94px&#8220; background_layout=&#8220;dark&#8220; custom_margin=&#8220;|||30px&#8220; custom_padding=&#8220;8px||8px|&#8220; animation_style=&#8220;fold&#8220; animation_delay=&#8220;100ms&#8220; button_letter_spacing_hover=&#8220;1px&#8220; locked=&#8220;off&#8220; global_colors_info=&#8220;{}&#8220; button_text_size__hover_enabled=&#8220;off&#8220; button_one_text_size__hover_enabled=&#8220;off&#8220; button_two_text_size__hover_enabled=&#8220;off&#8220; button_text_color__hover_enabled=&#8220;off&#8220; button_one_text_color__hover_enabled=&#8220;off&#8220; button_two_text_color__hover_enabled=&#8220;off&#8220; button_border_width__hover_enabled=&#8220;off&#8220; button_one_border_width__hover_enabled=&#8220;off&#8220; button_two_border_width__hover_enabled=&#8220;off&#8220; button_border_color__hover_enabled=&#8220;off&#8220; button_one_border_color__hover_enabled=&#8220;off&#8220; button_two_border_color__hover_enabled=&#8220;off&#8220; button_border_radius__hover_enabled=&#8220;off&#8220; button_one_border_radius__hover_enabled=&#8220;off&#8220; button_two_border_radius__hover_enabled=&#8220;off&#8220; button_letter_spacing__hover_enabled=&#8220;on&#8220; button_letter_spacing__hover=&#8220;1px&#8220; button_one_letter_spacing__hover_enabled=&#8220;off&#8220; button_two_letter_spacing__hover_enabled=&#8220;off&#8220; button_bg_color__hover_enabled=&#8220;off&#8220; button_one_bg_color__hover_enabled=&#8220;off&#8220; button_two_bg_color__hover_enabled=&#8220;off&#8220;][\/et_pb_button][\/et_pb_column][\/et_pb_row][\/et_pb_section][et_pb_section fb_built=&#8220;1&#8243; admin_label=&#8220;Team Desktop&#8220; _builder_version=&#8220;4.25.1&#8243; background_color=&#8220;RGBA(255,255,255,0)&#8220; vertical_offset=&#8220;-107px&#8220; custom_margin=&#8220;|||&#8220; custom_padding=&#8220;54px|0px|100px|0px&#8220; animation_style=&#8220;slide&#8220; animation_direction=&#8220;bottom&#8220; animation_duration=&#8220;1800ms&#8220; hover_enabled=&#8220;0&#8243; locked=&#8220;on&#8220; global_colors_info=&#8220;{}&#8220; collapsed=&#8220;on&#8220; sticky_enabled=&#8220;0&#8243; disabled_on=&#8220;on|on|off&#8220;][et_pb_row column_structure=&#8220;1_2,1_2&#8243; _builder_version=&#8220;4.25.1&#8243; background_color=&#8220;#ffffff&#8220; background_size=&#8220;initial&#8220; background_position=&#8220;top_left&#8220; background_repeat=&#8220;repeat&#8220; vertical_offset=&#8220;74px&#8220; custom_margin=&#8220;-10%|||&#8220; custom_padding=&#8220;60px|0px|60px|0px&#8220; animation_style=&#8220;slide&#8220; animation_direction=&#8220;bottom&#8220; animation_intensity_slide=&#8220;6%&#8220; animation_starting_opacity=&#8220;100%&#8220; border_radii=&#8220;on|15px|15px|15px|15px&#8220; border_color_all=&#8220;#fa7f28&#8243; border_width_top=&#8220;18px&#8220; box_shadow_style=&#8220;preset3&#8243; box_shadow_vertical=&#8220;39px&#8220; box_shadow_blur=&#8220;80px&#8220; box_shadow_color=&#8220;rgba(0,0,0,0.1)&#8220; custom_width_px=&#8220;1280px&#8220; global_colors_info=&#8220;{}&#8220;][et_pb_column type=&#8220;1_2&#8243; _builder_version=&#8220;4.16&#8243; custom_padding=&#8220;30px|40px|30px|40px&#8220; global_colors_info=&#8220;{}&#8220; custom_padding__hover=&#8220;|||&#8220;][et_pb_text _builder_version=&#8220;4.25.1&#8243; _module_preset=&#8220;default&#8220; global_colors_info=&#8220;{}&#8220;]<\/p>\n<p>Bei Fragen oder W\u00fcnschen besuchen Sie uns gerne oder rufen Sie an.<\/p>\n<p>\u00d6ffnungszeiten: <strong>Von Montag bis Freitag 9:00 bis 17:00 Uhr<\/strong><\/p>\n<p>[\/et_pb_text][et_pb_icon font_icon=&#8220;&#xe090;||divi||400&#8243; icon_width=&#8220;45px&#8220; _builder_version=&#8220;4.25.1&#8243; _module_preset=&#8220;default&#8220; positioning=&#8220;relative&#8220; vertical_offset=&#8220;22px&#8220; horizontal_offset=&#8220;-195px&#8220; z_index=&#8220;0&#8243; global_colors_info=&#8220;{}&#8220;][\/et_pb_icon][\/et_pb_column][et_pb_column type=&#8220;1_2&#8243; _builder_version=&#8220;4.16&#8243; custom_padding=&#8220;30px|40px|30px|40px&#8220; global_colors_info=&#8220;{}&#8220; custom_padding__hover=&#8220;|||&#8220;][et_pb_text _builder_version=&#8220;4.25.1&#8243; _module_preset=&#8220;default&#8220; global_colors_info=&#8220;{}&#8220;]<\/p>\n<p><strong>Technikservices<\/strong><\/p>\n<p>\u2022 Installation und technischer Service f\u00fcr <span class=\"hiddenSpellError\" onkeypress=\"GERMAN_SPELLER_RULE---#---undefined---#---Rechtschreibfehler---#---M\u00f6glicher Tippfehler gefunden.---#---Installation und technischer Service f\u00fcr Canon- und Brother B\u00fcroger\u00e4te---#---Canon#Kann#Canons#Kanon#Canyon#Kanone#Kanons#Bann-#Canyons#Danone#Canna#Nano-#Kamin-#Kanal-#Kanonen-#Kanten-#Karton-#Kenn-#Kinn-#Kino----#---Canon-\">Canon-<\/span> und Brother B\u00fcroger\u00e4te<\/p>\n<p>\u2022 Service f\u00fcr andere Marken bitte anfragen<\/p>\n<p>\u2022 Installation und Service f\u00fcr PC- und Netzwerktechnik<\/p>\n<p>[\/et_pb_text][et_pb_text _builder_version=&#8220;4.25.1&#8243; _module_preset=&#8220;default&#8220; positioning=&#8220;relative&#8220; vertical_offset=&#8220;-43px&#8220; horizontal_offset=&#8220;-508px&#8220; global_colors_info=&#8220;{}&#8220;]<\/p>\n<h5><strong>Service &#8211; Hotline:<\/strong> 03423 603479<\/h5>\n<p>[\/et_pb_text][\/et_pb_column][\/et_pb_row][\/et_pb_section][et_pb_section fb_built=&#8220;1&#8243; admin_label=&#8220;Team handy&#8220; _builder_version=&#8220;4.25.1&#8243; background_color=&#8220;RGBA(255,255,255,0)&#8220; vertical_offset=&#8220;-107px&#8220; custom_margin=&#8220;|||&#8220; custom_padding=&#8220;54px|0px|100px|0px&#8220; animation_style=&#8220;slide&#8220; animation_direction=&#8220;bottom&#8220; animation_duration=&#8220;1800ms&#8220; hover_enabled=&#8220;0&#8243; locked=&#8220;off&#8220; global_colors_info=&#8220;{}&#8220; collapsed=&#8220;on&#8220; sticky_enabled=&#8220;0&#8243; disabled_on=&#8220;off|on|on&#8220;][et_pb_row _builder_version=&#8220;4.25.1&#8243; background_color=&#8220;#ffffff&#8220; background_size=&#8220;initial&#8220; background_position=&#8220;top_left&#8220; background_repeat=&#8220;repeat&#8220; vertical_offset=&#8220;-3px&#8220; custom_margin=&#8220;-10%|||&#8220; custom_padding=&#8220;60px|0px|60px|0px&#8220; animation_style=&#8220;slide&#8220; animation_direction=&#8220;bottom&#8220; animation_intensity_slide=&#8220;6%&#8220; animation_starting_opacity=&#8220;100%&#8220; hover_enabled=&#8220;0&#8243; border_radii=&#8220;on|15px|15px|15px|15px&#8220; border_color_all=&#8220;#fa7f28&#8243; border_width_top=&#8220;18px&#8220; box_shadow_style=&#8220;preset3&#8243; box_shadow_vertical=&#8220;39px&#8220; box_shadow_blur=&#8220;80px&#8220; box_shadow_color=&#8220;rgba(0,0,0,0.1)&#8220; custom_width_px=&#8220;1280px&#8220; global_colors_info=&#8220;{}&#8220; sticky_enabled=&#8220;0&#8243; min_height=&#8220;412px&#8220; height=&#8220;483px&#8220;][et_pb_column type=&#8220;4_4&#8243; _builder_version=&#8220;4.25.1&#8243; custom_padding=&#8220;30px|40px|30px|40px&#8220; hover_enabled=&#8220;0&#8243; global_colors_info=&#8220;{}&#8220; custom_padding__hover=&#8220;|||&#8220; sticky_enabled=&#8220;0&#8243;][et_pb_text _builder_version=&#8220;4.25.1&#8243; _module_preset=&#8220;default&#8220; hover_enabled=&#8220;0&#8243; global_colors_info=&#8220;{}&#8220; sticky_enabled=&#8220;0&#8243; custom_margin=&#8220;-65px||||false|false&#8220;]<\/p>\n<p>Bei Fragen oder W\u00fcnschen besuchen Sie uns gerne oder rufen Sie an.<\/p>\n<p>\u00d6ffnungszeiten: <strong>Von Montag bis Freitag 9:00 bis 17:00 Uhr<\/strong><\/p>\n<p><strong><\/strong><\/p>\n<p><strong>Technikservices<\/strong><\/p>\n<p>\u2022 Installation und technischer Service f\u00fcr <span class=\"hiddenSpellError\" onkeypress=\"GERMAN_SPELLER_RULE---#---undefined---#---Rechtschreibfehler---#---M\u00f6glicher Tippfehler gefunden.---#---Installation und technischer Service f\u00fcr Canon- und Brother B\u00fcroger\u00e4te---#---Canon#Kann#Canons#Kanon#Canyon#Kanone#Kanons#Bann-#Canyons#Danone#Canna#Nano-#Kamin-#Kanal-#Kanonen-#Kanten-#Karton-#Kenn-#Kinn-#Kino----#---Canon-\">Canon-<\/span> und Brother B\u00fcroger\u00e4te<\/p>\n<p>\u2022 Service f\u00fcr andere Marken bitte anfragen<\/p>\n<p>\u2022 Installation und Service f\u00fcr PC- und Netzwerktechnik<\/p>\n<p>[\/et_pb_text][et_pb_icon font_icon=&#8220;&#xe090;||divi||400&#8243; icon_width=&#8220;45px&#8220; _builder_version=&#8220;4.25.1&#8243; _module_preset=&#8220;default&#8220; positioning=&#8220;relative&#8220; vertical_offset=&#8220;22px&#8220; horizontal_offset=&#8220;-195px&#8220; z_index=&#8220;0&#8243; global_colors_info=&#8220;{}&#8220;][\/et_pb_icon][\/et_pb_column][\/et_pb_row][\/et_pb_section]<\/p>\n","protected":false},"excerpt":{"rendered":"<p>Knorr &amp; Partner &nbsp;B\u00fcro- und Kopiersysteme GmbHShop! Hey, wollen Sie clever sein? Dann kaufen sie bei Kopiemaus ein!Knorr &amp; Partner &nbsp;B\u00fcro- und Kopiersysteme GmbHShop! Hey, wollen Sie clever sein? Dann kaufen sie bei Kopiemaus ein!Bei Fragen oder W\u00fcnschen besuchen Sie uns gerne oder rufen Sie an. \u00d6ffnungszeiten: Von Montag bis Freitag 9:00 bis 17:00 UhrTechnikservices [&hellip;]<\/p>\n","protected":false},"author":3,"featured_media":0,"parent":0,"menu_order":0,"comment_status":"closed","ping_status":"closed","template":"","meta":{"_et_pb_use_builder":"on","_et_pb_old_content":"","_et_gb_content_width":"","footnotes":""},"class_list":["post-955","page","type-page","status-publish","hentry"],"_links":{"self":[{"href":"https:\/\/kopiemaus.de\/htm\/wp-json\/wp\/v2\/pages\/955","targetHints":{"allow":["GET"]}}],"collection":[{"href":"https:\/\/kopiemaus.de\/htm\/wp-json\/wp\/v2\/pages"}],"about":[{"href":"https:\/\/kopiemaus.de\/htm\/wp-json\/wp\/v2\/types\/page"}],"author":[{"embeddable":true,"href":"https:\/\/kopiemaus.de\/htm\/wp-json\/wp\/v2\/users\/3"}],"replies":[{"embeddable":true,"href":"https:\/\/kopiemaus.de\/htm\/wp-json\/wp\/v2\/comments?post=955"}],"version-history":[{"count":17,"href":"https:\/\/kopiemaus.de\/htm\/wp-json\/wp\/v2\/pages\/955\/revisions"}],"predecessor-version":[{"id":1842,"href":"https:\/\/kopiemaus.de\/htm\/wp-json\/wp\/v2\/pages\/955\/revisions\/1842"}],"wp:attachment":[{"href":"https:\/\/kopiemaus.de\/htm\/wp-json\/wp\/v2\/media?parent=955"}],"curies":[{"name":"wp","href":"https:\/\/api.w.org\/{rel}","templated":true}]}}