{"id":695,"date":"2017-03-20T13:02:07","date_gmt":"2017-03-20T12:02:07","guid":{"rendered":"http:\/\/www.kopiemaus.de\/htm\/?page_id=695"},"modified":"2026-03-26T14:28:36","modified_gmt":"2026-03-26T13:28:36","slug":"service","status":"publish","type":"page","link":"https:\/\/kopiemaus.de\/htm\/service\/","title":{"rendered":"Service"},"content":{"rendered":"<p>[et_pb_section fb_built=&#8220;1&#8243; admin_label=&#8220;Hero section&#8220; _builder_version=&#8220;4.25.1&#8243; use_background_color_gradient=&#8220;on&#8220; background_color_gradient_stops=&#8220;rgba(150,105,97,0.67) 0%|rgba(2,0,76,0.84) 100%&#8220; background_color_gradient_overlays_image=&#8220;on&#8220; background_color_gradient_start=&#8220;rgba(150,105,97,0.67)&#8220; background_color_gradient_end=&#8220;rgba(2,0,76,0.84)&#8220; background_image=&#8220;https:\/\/kopiemaus.de\/htm\/wp-content\/uploads\/2024\/05\/bild-Firma2-2.jpg&#8220; custom_margin=&#8220;|||&#8220; custom_padding=&#8220;10%||10%|&#8220; global_colors_info=&#8220;{}&#8220;][et_pb_row column_structure=&#8220;2_3,1_3&#8243; _builder_version=&#8220;4.16&#8243; custom_margin=&#8220;|||&#8220; global_colors_info=&#8220;{}&#8220;][et_pb_column type=&#8220;2_3&#8243; _builder_version=&#8220;4.16&#8243; custom_padding=&#8220;1px|||&#8220; global_colors_info=&#8220;{}&#8220; custom_padding__hover=&#8220;|||&#8220;][et_pb_text _builder_version=&#8220;4.25.1&#8243; text_font=&#8220;Lato||||||||&#8220; text_font_size=&#8220;20px&#8220; text_line_height=&#8220;1.8em&#8220; header_font=&#8220;Lato|900|||||||&#8220; header_font_size=&#8220;80px&#8220; header_letter_spacing=&#8220;2px&#8220; header_line_height=&#8220;1.2em&#8220; background_layout=&#8220;dark&#8220; animation_style=&#8220;fold&#8220; header_font_size_tablet=&#8220;46px&#8220; header_font_size_phone=&#8220;&#8220; header_font_size_last_edited=&#8220;on|tablet&#8220; global_colors_info=&#8220;{}&#8220;]<\/p>\n<h1>Service<\/h1>\n<p>&nbsp;<\/p>\n<p>[\/et_pb_text][\/et_pb_column][et_pb_column type=&#8220;1_3&#8243; _builder_version=&#8220;4.16&#8243; custom_padding=&#8220;|||&#8220; global_colors_info=&#8220;{}&#8220; custom_padding__hover=&#8220;|||&#8220;][\/et_pb_column][\/et_pb_row][\/et_pb_section][et_pb_section fb_built=&#8220;1&#8243; admin_label=&#8220;Blog&#8220; _builder_version=&#8220;4.16&#8243; custom_padding=&#8220;100px|0px|100px|0px&#8220; global_colors_info=&#8220;{}&#8220;][et_pb_row _builder_version=&#8220;4.16&#8243; global_colors_info=&#8220;{}&#8220;][et_pb_column type=&#8220;4_4&#8243; _builder_version=&#8220;4.16&#8243; custom_padding=&#8220;|||&#8220; global_colors_info=&#8220;{}&#8220; custom_padding__hover=&#8220;|||&#8220;][et_pb_text _builder_version=&#8220;4.25.1&#8243; _module_preset=&#8220;default&#8220; text_font_size=&#8220;11px&#8220; global_colors_info=&#8220;{}&#8220;]<\/p>\n<div class=\"et_pb_column et_pb_column_4_4 et_pb_column_0  et_pb_css_mix_blend_mode_passthrough et-last-child\">\n<div class=\"et_pb_module et_pb_text et_pb_text_0  et_pb_text_align_left et_pb_bg_layout_light\">\n<div class=\"et_pb_text_inner\">\n<p>SERVICE wird in unserem Unternehmen gro\u00df geschrieben. Wir haben f\u00fcr Sie immer ein offenes Ohr und stehen Ihnen mit Rat, Tat und unserem mehr als 35-j\u00e4hrigem Know- How zur Verf\u00fcgung.\u00a0 Damit Sie rundum zufrieden arbeiten k\u00f6nnen, gibt es neben unserem umfangreichen Produkt-Sortiment extra Service-Leistungen: Wir bieten nicht nur <strong>Beratungen, Wartungen<\/strong> und<strong> Reparaturen<\/strong> an, sondern sind Ihnen auch gern in der <strong>Raumplanung<\/strong> behilflich.<\/p>\n<p>&nbsp;<\/p>\n<p>Auch eine <strong>Arbeitsplatzanalyse<\/strong> mit anschlie\u00dfender<strong> Arbeitsplatzoptmierung<\/strong> oder eine <strong>R\u00fcckenschule<\/strong> -direkt in Ihrem Unternehmen vor Ort- hilft Ihnen dabei, Ihre Produktivit\u00e4t zu steigern. Egal ob <strong>Firmenfitness, Bewegungspause, Ergotainment<\/strong> oder unsere<strong> Ponyherde<\/strong> f\u00fcr die Betriebsfeier\u2026-Wir sind Ihre ganzheitlichen Ergonomie-Experten mit dem PLUS an SERVICE.<\/p>\n<\/div>\n<\/div>\n<\/div>\n<p>[\/et_pb_text][\/et_pb_column][\/et_pb_row][et_pb_row column_structure=&#8220;1_3,1_3,1_3&#8243; _builder_version=&#8220;4.25.1&#8243; _module_preset=&#8220;default&#8220; global_colors_info=&#8220;{}&#8220;][et_pb_column type=&#8220;1_3&#8243; _builder_version=&#8220;4.25.1&#8243; _module_preset=&#8220;default&#8220; global_colors_info=&#8220;{}&#8220;][et_pb_blurb title=&#8220;Raumplanung&#8220; image=&#8220;https:\/\/kopiemaus.de\/htm\/wp-content\/uploads\/2024\/05\/bild3-1-768&#215;576-1.jpg&#8220; image_icon_width=&#8220;100%&#8220; _builder_version=&#8220;4.25.1&#8243; _module_preset=&#8220;default&#8220; box_shadow_style_image=&#8220;preset4&#8243; box_shadow_horizontal_image=&#8220;8px&#8220; box_shadow_vertical_image=&#8220;13px&#8220; global_colors_info=&#8220;{}&#8220;]<\/p>\n<p><span style=\"font-size: 14pt; font-family: arial,helvetica,sans-serif;\">Ein B\u00fcro wird in der Regel \u00fcber viele Jahre oder sogar Jahrzehnte benutzt. Deshalb ist eine sorgf\u00e4ltige Planung sehr wichtig.<\/span><\/p>\n<p><span style=\"font-size: 14pt; font-family: arial,helvetica,sans-serif;\">Mit modernster Software sind wir in der Lage, Ihnen verschiedenste und individuell auf Ihre Bed\u00fcrfnisse zugeschnittene\u00a0M\u00f6glichkeiten und Perspektiven darzustellen<\/span><\/p>\n<p><span style=\"font-size: 14pt; font-family: arial,helvetica,sans-serif;\"> \u2013 auf Wunsch in HD.<\/span><\/p>\n<p>[\/et_pb_blurb][\/et_pb_column][et_pb_column type=&#8220;1_3&#8243; _builder_version=&#8220;4.25.1&#8243; _module_preset=&#8220;default&#8220; global_colors_info=&#8220;{}&#8220;][et_pb_blurb title=&#8220;Arbeitsplatsanalyse&#8220; image_icon_background_color=&#8220;RGBA(255,255,255,0)&#8220; image=&#8220;https:\/\/kopiemaus.de\/htm\/wp-content\/uploads\/2024\/05\/Humen_Flyer_Beschnitten-768&#215;718-1.jpg&#8220; image_icon_width=&#8220;83%&#8220; icon_alignment=&#8220;left&#8220; _builder_version=&#8220;4.25.1&#8243; _module_preset=&#8220;default&#8220; border_color_all_image=&#8220;RGBA(255,255,255,0)&#8220; box_shadow_style_image=&#8220;preset4&#8243; box_shadow_color_image=&#8220;#C2C2C2&#8243; global_colors_info=&#8220;{}&#8220;]<\/p>\n<div class=\"entry-content\">\n<p><span style=\"color: #000000; font-family: Calibri;\">Wissenschaftliche Studien belegen einen <strong>deutlichen Zusammenhang<\/strong> zwischen <strong>Arbeitseffizienz und der Qualit\u00e4t der Arbeitsplatzeinrichtung<\/strong>. Benutzerfreundliche und ergonomische Arbeitspl\u00e4tze werden als eines der wesentlichen Elemente f\u00fcr Zufriedenheit am Arbeitsplatz genannt. Zufriedenheit wiederum steigert\u00a0 die Qualit\u00e4t der geleisteten Arbeit.<\/span><\/p>\n<p>Dank der Vielseitigkeit und der umfangreichen Funktionalit\u00e4t unserer angebotenen B\u00fcrom\u00f6bel, erg\u00e4nzt von durchdachter B\u00fcrotechnik,qualitativen B\u00fcromaterialien und Zubeh\u00f6r , planen wir gern Ihren Traumarbeitsplatz, an dem Arbeiten sogar Spa\u00df machen kann, bspw. helfen sehr gern Ihren bestehenden Arbeitsplatz nach Ihren W\u00fcnschen, Bed\u00fcrfnissen und nach ergonomischen Gesichtspunkten zu optimieren.<\/p>\n<p>Selbstverst\u00e4ndlich erhalten Sie nach der individuellen Arbeitsplatzanalyse vor Ort auch eine Dokumentation aller relevanten Fakten, sowie eine Empfehlung f\u00fcr Verbesserungen an Ihrem Arbeitsplatz. Die Dokumentation verbleibt zum Nachweis f\u00fcr den Arbeitsschutzbeauftragten\u00a0 und die betriebliche Gesundheitsf\u00f6rderung bei Ihnen.<\/p>\n<p>Sprechen Sie uns gern f\u00fcr einen individuellen Termin zur Arbeitsplatzanalyse an- wir stehen Ihnen mit unserem Know-How und unserer \u00fcber 30 Jahre w\u00e4hrender Erfahrung gern zur Seite.<\/p>\n<\/div>\n<p>[\/et_pb_blurb][\/et_pb_column][et_pb_column type=&#8220;1_3&#8243; _builder_version=&#8220;4.25.1&#8243; _module_preset=&#8220;default&#8220; global_colors_info=&#8220;{}&#8220;][et_pb_blurb title=&#8220;Firmenfitness&#8220; image=&#8220;https:\/\/kopiemaus.de\/htm\/wp-content\/uploads\/2024\/05\/nine1.jpg&#8220; _builder_version=&#8220;4.25.1&#8243; _module_preset=&#8220;default&#8220; box_shadow_style_image=&#8220;preset4&#8243; global_colors_info=&#8220;{}&#8220;]<\/p>\n<div class=\"entry-content\">\n<p><span style=\"font-size: 12pt; font-family: arial,helvetica,sans-serif;\">Seit der Steinzeit haben sich unsere Gene kaum ver\u00e4ndert- unser Alltag daf\u00fcr umso mehr!<\/span><\/p>\n<p>Doch die heutigen Stuben-Tiger und B\u00fcro-Hengste haben leider \u00e4u\u00dferst wenig mit dem zu tun, wof\u00fcr wir gemacht sind: Zum Rennen, Sammeln, Jagen und co.<\/p>\n<p><span style=\"font-size: 12pt; font-family: arial,helvetica,sans-serif;\">Daraus resultiert ein offener Konflikt zwischen unserer anatomischen Konstitution und unserer allt\u00e4glichen, k\u00f6rperlichen Beanspruchung, der sich darin \u00e4u\u00dfert, dass die\u00a0Arbeitsausf\u00e4lle stetig steigen und die Kosten daf\u00fcr in schwindelerregende H\u00f6hen klettern.\u00a0Wussten Sie, dass <em>86% der Arbeitsausf\u00e4lle auf Bandscheibenleiden und R\u00fcckenerkrankungen zur\u00fcckzuf\u00fchren sind?<\/em> <em>Auf Platz 2\u00a0liegt die Ausfallquote durch psychische Belastung am Arbeitsplatz\u2026<\/em><\/span><\/p>\n<p>Es wird Zeit, daran endlich etwas zu \u00e4ndern\u2026<\/p>\n<p><span style=\"font-size: 12pt; font-family: arial,helvetica,sans-serif;\">Ein Anfang ist ergonomisches B\u00fcro-Inventar. Die richtige Einrichtung eines B\u00fcros,ist ein nicht zu untersch\u00e4tzender Bestandteil in der betrieblichen Planung, d<\/span><span style=\"font-size: 12pt; font-family: arial,helvetica,sans-serif;\">enn wenn der Arbeitsplatz passt, f\u00fchlen sich die\u00a0 Menschen wohler. Sie sind motivierter, die Produktivit\u00e4t steigt, Fehlerquoten sinken und sie werden seltener krank.<\/span><\/p>\n<p>Noch besser ist es allerdings, kein\u201d Sitzenbleiber\u201d zu sein. Wer hat noch Lust nach 8, 9 oder 10 Stunden im Job, Haushalt und Familie noch ins Fitnessstudio zu gehen, um der k\u00f6rperlichen Degeneration entgegen zu wirken?<\/p>\n<p>Verst\u00e4ndlicherweise die Wenigstens. Doch wir zeigen Ihnen mit unserem \u201c<strong>Ergotainment<\/strong>\u201c-Angebot Tipps und Tricks, Ihren<strong> Arbeitsalltag in Schwung<\/strong> zu bringen.<\/p>\n<p>Au\u00dferdem tun unsere<strong> Bewegungspausen, Firmenfitness<\/strong>sequenzen oder <strong>R\u00fcckenschulen<\/strong>\u00a0jedem Unternehmen gut- der Team-Geist w\u00e4chst, das Unternehmen tut etwas f\u00fcr sein Image und gleichzeitig f\u00fcr die positive Bindung der Mitarbeiter. Ganz nebenbei wird die Kommunikation und das Firmenklima verbessert. <strong>Effizienz<\/strong> und <strong>Produktivit\u00e4t<\/strong> <strong>steigen<\/strong>, w\u00e4hrend die <strong>Ausfallquote sinkt<\/strong>. Und das Beste daran? Dank den Regelungen zur betrieblichen Gesundheitsf\u00f6rderung gewinnen sowohl Arbeitnehmer als auch Arbeitsgeber.<\/p>\n<p><strong>Lassen Sie uns gemeinsam etwas bewegen\u2026<\/strong><\/p>\n<p>Wir helfen Ihnen gern bei der Umsetzung Ihrer individuellen Vorstellungen-egal ob eine Stunde schwei\u00dftreibendes Zumba oder leichte Mobilit\u00e4ts\u00fcbungen-\u00a0sprechen Sie uns an oder schreiben Sie uns unter fitness@kopiemaus.de<\/p>\n<\/div>\n<p>[\/et_pb_blurb][\/et_pb_column][\/et_pb_row][\/et_pb_section]<\/p>\n","protected":false},"excerpt":{"rendered":"<p>Service &nbsp; SERVICE wird in unserem Unternehmen gro\u00df geschrieben. Wir haben f\u00fcr Sie immer ein offenes Ohr und stehen Ihnen mit Rat, Tat und unserem mehr als 35-j\u00e4hrigem Know- How zur Verf\u00fcgung.\u00a0 Damit Sie rundum zufrieden arbeiten k\u00f6nnen, gibt es neben unserem umfangreichen Produkt-Sortiment extra Service-Leistungen: Wir bieten nicht nur Beratungen, Wartungen und Reparaturen an, [&hellip;]<\/p>\n","protected":false},"author":1,"featured_media":0,"parent":0,"menu_order":0,"comment_status":"closed","ping_status":"closed","template":"","meta":{"_et_pb_use_builder":"on","_et_pb_old_content":"SERVICE wird in unserem Unternehmen gro\u00df geschrieben. Wir haben f\u00fcr Sie immer ein offenes Ohr und stehen Ihnen mit Rat, Tat und unserem gesamten Know- How zur Verf\u00fcgung. Damit Sie rundum zufrieden arbeiten k\u00f6nnen, gibt es neben unserem umfangreichen Produkt-Sortiment extra Service-Leistungen: Wir bieten nicht nur <strong>Beratungen,Wartungen<\/strong> und<strong> Reparaturen<\/strong> an, sondern sind Ihnen auch gern in der <strong>Raumplanung<\/strong> behilflich.\n\nAuch eine <strong>Arbeitsplatzanalyse<\/strong> mit anschlie\u00dfender<strong> Arbeitsplatzoptmierung<\/strong> oder eine <strong>R\u00fcckenschule<\/strong> direkt in Ihrem Unternehmen vor Ort hilft Ihnen dabei, Ihre Schaffenskraft und Produktivit\u00e4t zu reanimieren. Egal ob <strong>Firmenfitness, Bewegungspause, Ergotainment<\/strong> oder unsere<strong> Ponyherde<\/strong> f\u00fcr die Betriebsfeier...-Wir sind Ihre ganzheitlichen Ergonomie-Experten mit dem PLUS an SERVICE.\n\n[caption id=\"attachment_712\" align=\"alignleft\" width=\"380\"]<a href=\"http:\/\/www.kopiemaus.de\/htm\/bueroplanung\/\"><img class=\"wp-image-712\" src=\"http:\/\/www.kopiemaus.de\/htm\/wp-content\/uploads\/2017\/03\/bild3-1-300x225.jpg\" alt=\"\" width=\"380\" height=\"285\" \/><\/a> Raumplanung[\/caption]\n\n[caption id=\"attachment_718\" align=\"alignleft\" width=\"305\"]<a href=\"http:\/\/www.kopiemaus.de\/htm\/arbietsplatzanalyse\/\"><img class=\"wp-image-718\" src=\"http:\/\/www.kopiemaus.de\/htm\/wp-content\/uploads\/2017\/03\/Humen_Flyer_Beschnitten-300x280.jpg\" alt=\"\" width=\"305\" height=\"285\" \/><\/a> Arbeitsplatsanalyse[\/caption]\n\n[caption id=\"attachment_720\" align=\"alignleft\" width=\"190\"]<a href=\"http:\/\/www.kopiemaus.de\/htm\/firmenfitness\/\"><img class=\"wp-image-720\" src=\"http:\/\/www.kopiemaus.de\/htm\/wp-content\/uploads\/2017\/03\/nine1-200x300.jpg\" alt=\"\" width=\"190\" height=\"285\" \/><\/a> Firmenfitness[\/caption]","_et_gb_content_width":"","footnotes":""},"class_list":["post-695","page","type-page","status-publish","hentry"],"_links":{"self":[{"href":"https:\/\/kopiemaus.de\/htm\/wp-json\/wp\/v2\/pages\/695","targetHints":{"allow":["GET"]}}],"collection":[{"href":"https:\/\/kopiemaus.de\/htm\/wp-json\/wp\/v2\/pages"}],"about":[{"href":"https:\/\/kopiemaus.de\/htm\/wp-json\/wp\/v2\/types\/page"}],"author":[{"embeddable":true,"href":"https:\/\/kopiemaus.de\/htm\/wp-json\/wp\/v2\/users\/1"}],"replies":[{"embeddable":true,"href":"https:\/\/kopiemaus.de\/htm\/wp-json\/wp\/v2\/comments?post=695"}],"version-history":[{"count":18,"href":"https:\/\/kopiemaus.de\/htm\/wp-json\/wp\/v2\/pages\/695\/revisions"}],"predecessor-version":[{"id":1942,"href":"https:\/\/kopiemaus.de\/htm\/wp-json\/wp\/v2\/pages\/695\/revisions\/1942"}],"wp:attachment":[{"href":"https:\/\/kopiemaus.de\/htm\/wp-json\/wp\/v2\/media?parent=695"}],"curies":[{"name":"wp","href":"https:\/\/api.w.org\/{rel}","templated":true}]}}